t is 174 (base 15) in base 10?
334
What is 0 (base 4) in base 15?
0
Convert 16 (base 12) to base 10.
18
What is -a (base 13) in base 16?
-a
Convert -56 (base 7) to base 10.
-41
What is -3 (base 14) in base 6?
-3
-7 (base 13) to base 5
-12
75 (base 16) to base 8
165
4 (base 12) to base 15
4
Convert -111 (base 4) to base 3.
-210
What is 6 (base 7) in base 13?
6
1020 (base 3) to base 16
21
What is bd (base 14) in base 9?
205
What is 14 (base 5) in base 9?
10
What is 4 (base 13) in base 7?
4
13 (base 8) to base 16
b
Convert 2 (base 9) to base 15.
2
Convert 21221 (base 3) to base 11.
185
16a (base 13) to base 6
1105
10100 (base 2) to base 10
20
16 (base 7) to base 3
111
Convert -3 (base 8) to base 5.
-3
5 (base 10) to base 14
5
Convert -111 (base 6) to base 8.
-53
What is 153 (base 8) in base 7?
212
Convert 1b (base 15) to base 10.
26
Convert 6 (base 14) to base 4.
12
Convert 10000010 (base 2) to base 4.
2002
What is -25 (base 12) in base 5?
-104
41 (base 5) to base 16
15
-1e (base 16) to base 2
-11110
What is 30 (base 6) in base 3?
200
Convert 3a (base 15) to base 2.
110111
-58 (base 10) to base 8
-72
What is 1100 (base 4) in base 15?
55
Convert -111 (base 3) to base 4.
-31
0 (base 5) to base 12
0
What is -205 (base 7) in base 5?
-403
What is 345 (base 6) in base 5?
1022
-3 (base 15) to base 14
-3
-5 (base 16) to base 2
-101
4 (base 7) to base 16
4
0 (base 13) to base 15
0
2a (base 13) to base 10
36
1102 (base 4) to base 5
312
Convert 3 (base 4) to base 13.
3
-b (base 13) to base 15
-b
35 (base 11) to base 4
212
1001 (base 2) to base 10
9
What is 9a (base 12) in base 11?
a8
-445 (base 8) to base 11
-247
What is -101002 (base 3) in base 11?
-228
-30 (base 6) to base 13
-15
What is -1 (base 11) in base 15?
-1
Convert 23 (base 6) to base 16.
f
100 (base 3) to base 12
9
69 (base 13) to base 6
223
Convert -22 (base 8) to base 14.
-14
What is 4 (base 9) in base 16?
4
What is -345 (base 7) in base 13?
-10b
2 (base 13) to base 6
2
What is 54 (base 6) in base 12?
2a
What is d (base 14) in base 5?
23
Convert -10110101 (base 2) to base 9.
-221
2 (base 16) to base 9
2
What is 10001100 (base 2) in base 3?
12012
Convert 2 (base 12) to base 14.
2
What is 31 (base 12) in base 9?
41
What is -6 (base 7) in base 13?
-6
-100 (base 3) to base 16
-9
What is 11001 (base 3) in base 14?
7b
What is -1001110 (base 2) in base 12?
-66
Convert 1 (base 10) to base 13.
1
What is 2 (base 6) in base 3?
2
Convert -5 (base 14) to base 8.
-5
-3 (base 14) to base 5
-3
Convert -3 (base 13) to base 3.
-10
What is -1 (base 12) in base 6?
-1
Convert 1b (base 14) to base 3.
221
Convert -84 (base 16) to base 5.
-1012
2001 (base 3) to base 7
106
-210 (base 5) to base 13
-43
Convert -2 (base 15) to base 12.
-2
What is -17 (base 8) in base 13?
-12
Convert -2 (base 8) to base 4.
-2
Convert -1 (base 15) to base 4.
-1
Convert 101 (base 2) to base 3.
12
32 (base 4) to base 5
24
Convert -70 (base 16) to base 7.
-220
What is -1144 (base 5) in base 13?
-105
1 (base 9) to base 8
1
4 (base 7) to base 9
4
Convert -66 (base 12) to base 14.
-58
What is -202 (base 3) in base 2?
-10100
221 (base 10) to base 2
11011101
What is 13 (base 15) in base 6?
30
What is -1 (base 3) in base 7?
-1
15 (base 9) to base 10
14
Convert -7 (base 11) to base 14.
-7
What is 104 (base 9) in base 13?
67
16 (base 9) to base 6
23
Convert -1 (base 6) to base 4.
-1
What is -8 (base 14) in base 15?
-8
-a (base 11) to base 9
-11
Convert -3 (base 16) to base 3.
-10
What is -222 (base 4) in base 6?
-110
What is 6 (base 14) in base 15?
6
What is 0 (base 9) in base 4?
0
What is 2 (base 12) in base 15?
2
-102 (base 3) to base 5
-21
What is 2 (base 4) in base 8?
2
6 (base 15) to base 3
20
What is -44 (base 12) in base 6?
-124
9 (base 13) to base 10
9
Convert -5 (base 8) to base 4.
-11
Convert -1 (base 10) to base 6.
-1
Convert 44 (base 12) to base 13.
40
Convert -21 (base 15) to base 14.
-23
Convert 3 (base 16) to base 4.
3
What is -1402 (base 5) in base 7?
-443
Convert -6 (base 12) to base 14.
-6
Convert -d (base 14) to base 2.
-1101
-3 (base 16) to base 7
-3
Convert -21 (base 3) to base 2.
-111
-37 (base 16) to base 6
-131
7 (base 15) to base 6
11
Convert 2 (base 12) to base 14.
2
What is -2 (base 7) in base 15?
-2
What is -214 (base 12) in base 3?
-102021
32 (base 8) to base 12
22
Convert -100 (base 4) to base 13.
-13
-146 (base 12) to base 2
-11000110
What is 61 (base 8) in base 7?
100
What is 6 (base 8) in base 3?
20
-1 (base 10) to base 7
-1
29 (base 11) to base 6
51
-69 (base 13) to base 15
-5c
-14 (base 15) to base 16
-13
44 (base 12) to base 7
103
Convert -1112 (base 3) to base 14.
-2d
What is 1010000 (base 2) in base 5?
310
Convert -111 (base 2) to base 6.
-11
Convert -2 (base 14) to base 8.
-2
What is 4 (base 14) in base 11?
4
Convert 4 (base 6) to base 8.
4
Convert 1 (base 8) to base 10.
1
Convert -10 (base 10) to base 9.
-11
Convert -11 (base 16) to base 2.
-10001
Convert 11 (base 2) to base 16.
3
What is 33 (base 6) in base 3?
210
2 (base 4) to base 15
2
23 (base 5) to base 14
d
-4 (base 5) to base 8
-4
1 (base 4) to base 16
1
-10000110 (base 2) to base 12
-b2
204 (base 6) to base 7
136
Convert -3 (base 13) to base 5.
-3
What is -1011 (base 2) in base 12?
-b
What is 4 (base 14) in base 2?
100
36 (base 12) to base 11
39
201 (base 8) to base 15
89
What is -5 (base 8) in base 6?
-5
Convert 15 (base 16) to base 2.
10101
Convert 18 (base 15) to base 13.
1a
Convert -1 (base 7) to base 11.
-1
Convert 44 (base 14) to base 9.
66
2a (base 11) to base 15
22
Convert 5 (base 11) to base 7.
5
Convert 0 (base 14) to base 5.
0
Convert 24 (base 8) to base 3.
202
Convert -2111 (base 3) to base 16.
-43
What is -100 (base 2) in base 11?
-4
Convert 181 (base 12) to base 8.
361
What is 221 (base 9) in base 13?
10c
What is -37 (base 16) in base 3?
-2001
-2 (base 3) to base 4
-2
2 (base 4) to base 15
2
What is -20 (base 14) in base 8?
-34
3 (base 7) to base 5
3
-10 (base 5) to base 10
-5
Convert -210 (base 4) to base 8.
-44
16 (base 11) to base 2
10001
Convert -1 (base 12) to base 10.
-1
What is -16 (base 12) in base 5?
-33
-110 (base 2) to base 8
-6
2 (base 6) to base 2
10
12 (base 4) to base 16
6
Convert 14 (base 13) to base 3.
122
What is -10 (base 5) in base 12?
-5
What is -2 (base 7) in base 3?
-2
What is -2 (base 8) in base 9?
-2
Convert -5 (base 7) to base 4.
-11
13 (base 11) to base 14
10
1 (base 10) to base 8
1
11 (base 5) to base 12
6
Convert -1 (base 16) to base 5.
-1
-36 (base 11) to base 10
-39
What is 46 (base 14) in base 10?
62
What is 4 (base 8) in base 9?
4
-20 (base 7) to base 10
-14
Convert -12 (base 6) to base 5.
-13
Convert -47 (base 15) to base 14.
-4b
What is 0 (base 16) in base 2?
0
What is 97 (base 13) in base 10?
124
What is 11 (base 8) in base 5?
14
Convert -3 (base 15) to base 10.
-3
-60 (base 16) to base 4
-1200
What is 3 (base 12) in base 6?
3
-1 (base 5) to base 13
-1
-44 (base 16) to base 13
-53
What is -366 (base 9) in base 16?
-12f
-564 (base 7) to base 15
-146
208 (base 9) to base 16
aa
Convert -2 (base 15) to base 9.
-2
What is 17 (base 8) in base 3?
120
-49 (base 16) to base 4
-1021
What is 6 (base 12) in base 10?
6
Convert 96 (base 10) to base 8.
140
What is -22 (base 6) in base 9?
-15
-45 (base 9) to base 16
-29
What is 10 (base 2) in base 15?
2
Convert 1b (base 15) to base 14.
1c
Convert 53 (base 7) to base 8.
46
What is 2 (base 11) in base 10?
2
What is 5 (base 12) in base 8?
5
Convert -92 (base 10) to base 4.
-1130
-2 (base 8) to base 12
-2
18 (base 16) to base 9
26
What is -331 (base 6) in base 11?
-106
What is -6 (base 9) in base 13?
-6
Convert -1200 (base 3) to base 14.
-33
1033 (base 6) to base 4
3231
Convert -1 (base 13) to base 2.
-1
What is 101 (base 4) in base 7?
23
-2c (base 16) to base 8
-54
What is -263 (base 7) in base 16?
-8f
4a (base 15) to base 3
2121
-10111 (base 3) to base 15
-64
-10 (base 3) to base 4
-3
Convert 2 (base 4) to base 8.
2
Convert 164 (base 8) to base 14.
84
0 (base 2) to base 10
0
Convert -101 (base 2) to base 4.
-11
What is -10 (base 6) in base 4?
-12
Convert -5 (base 15) to base 10.
-5
-24 (base 5) to base 7
-20
What is -6 (base 15) in base 5?
-11
What is 0 (base 16) in base 11?
0
What is 10021 (base 3) in base 12?
74
Convert -37 (base 16) to base 4.
-313
What is -314 (b